alse
Does 7 divide 6113?
False
Does 61 divide 25925?
True
Does 14 divide 679?
False
Is 37 a factor of 259?
True
Is 569 a multiple of 71?
False
Is 67 a factor of 1340?
True
Does 121 divide 10773?
False
Is 32 a factor of 5036?
False
Is 5610 a multiple of 6?
True
Is 12471 a multiple of 9?
False
Does 54 divide 648?
True
Does 20 divide 22789?
False
Does 20 divide 960?
True
Is 875 a multiple of 3?
False
Does 36 divide 79056?
True
Does 16 divide 6048?
True
Is 8 a factor of 4598?
False
Does 9 divide 2097?
True
Is 19 a factor of 5537?
False
Is 4 a factor of 277?
False
Is 10 a factor of 2753?
False
Does 28 divide 71655?
False
Is 10248 a multiple of 56?
True
Is 11222 a multiple of 19?
False
Does 160 divide 75071?
False
Is 7 a factor of 2092?
False
Is 134 a multiple of 10?
False
Is 13 a factor of 546?
True
Does 6 divide 15246?
True
Is 52 a factor of 156?
True
Is 30160 a multiple of 29?
True
Is 8 a factor of 2904?
True
Does 104 divide 2469?
False
Is 24 a factor of 576?
True
Is 9 a factor of 2257?
False
Is 17 a factor of 128069?
False
Does 40 divide 783?
False
Does 35 divide 69510?
True
Does 41 divide 251?
False
Is 14 a factor of 408?
False
Is 130 a factor of 25823?
False
Does 43 divide 17871?
False
Is 771 a multiple of 6?
False
Is 336 a multiple of 16?
True
Is 28408 a multiple of 30?
False
Does 3 divide 1418?
False
Does 13 divide 3575?
True
Does 10 divide 6630?
True
Does 2 divide 1084?
True
Is 77 a factor of 2849?
True
Does 34 divide 5066?
True
Does 18 divide 16663?
False
Is 3402 a multiple of 42?
True
Is 40 a factor of 1160?
True
Is 423 a multiple of 47?
True
Is 8 a factor of 203?
False
Is 6 a factor of 144?
True
Is 14 a factor of 15654?
False
Does 82 divide 28663?
False
Is 248 a factor of 15872?
True
Is 65 a factor of 1693?
False
Is 28 a factor of 756?
True
Is 69 a factor of 1380?
True
Is 8852 a multiple of 45?
False
Is 143 a factor of 11154?
True
Is 15 a factor of 1170?
True
Is 706 a multiple of 14?
False
Does 68 divide 1278?
False
Is 45 a factor of 11691?
False
Is 68 a factor of 2516?
True
Is 140 a factor of 7420?
True
Is 13 a factor of 3027?
False
Does 3 divide 1953?
True
Is 2016 a multiple of 6?
True
Does 33 divide 429?
True
Is 30 a factor of 540?
True
Is 952 a multiple of 56?
True
Is 4600 a multiple of 14?
False
Does 22 divide 1694?
True
Is 264 a multiple of 16?
False
Does 22 divide 9463?
False
Does 6 divide 396?
True
Does 32 divide 16032?
True
Is 102 a multiple of 102?
True
Is 2281 a multiple of 19?
False
Is 9732 a multiple of 30?
False
Is 19880 a multiple of 20?
True
Is 675 a multiple of 45?
True
Is 48 a factor of 48?
True
Is 7 a factor of 83?
False
Is 8166 a multiple of 49?
False
Does 93 divide 43896?
True
Is 183 a factor of 139629?
True
Is 553 a multiple of 17?
False
Is 12066 a multiple of 196?
False
Is 1260 a multiple of 12?
True
Does 5 divide 5?
True
Is 104 a factor of 1976?
True
Is 22 a factor of 44?
True
Is 27081 a multiple of 27?
True
Is 44 a factor of 4713?
False
Is 8 a factor of 1053?
False
Does 34 divide 4726?
True
Is 15 a factor of 2229?
False
Does 10 divide 30?
True
Is 30 a factor of 4500?
True
Does 22 divide 440?
True
Is 6105 a multiple of 11?
True
Does 13 divide 2249?
True
Does 20 divide 31600?
True
Is 148 a factor of 19050?
False
Does 4 divide 1418?
False
Is 39 a factor of 31941?
True
Does 123 divide 1845?
True
Is 246 a multiple of 6?
True
Does 124 divide 22444?
True
Does 68 divide 20733?
False
Does 17 divide 58285?
False
Is 1608 a multiple of 12?
True
Is 3 a factor of 158?
False
Is 2301 a multiple of 59?
True
Does 16 divide 49802?
False
Is 15 a factor of 5025?
True
Is 2030 a multiple of 10?
True
Does 70 divide 700?
True
Is 31 a factor of 2875?
False
Is 78 a factor of 38844?
True
Is 16 a factor of 1648?
True
Is 14616 a multiple of 203?
True
Does 4 divide 2297?
False
Is 8280 a multiple of 72?
True
Is 2229 a multiple of 28?
False
Does 15 divide 3795?
True
Is 16859 a multiple of 10?
False
Does 83 divide 135539?
True
Is 4028 a multiple of 38?
True
Is 18 a factor of 1188?
True
Does 8 divide 1248?
True
Does 32 divide 2025?
False
Is 11 a factor of 1543?
False
Is 2740 a multiple of 57?
False
Is 363 a multiple of 13?
False
Does 10 divide 1014?
False
Is 19 a factor of 22642?
False
Is 4883 a multiple of 86?
False
Does 10 divide 3830?
True
Is 17 a factor of 7327?
True
Does 54 divide 22573?
False
Is 1264 a multiple of 38?
False
Is 15776 a multiple of 116?
True
Is 15 a factor of 902?
False
Does 10 divide 88850?
True
Is 8521 a multiple of 28?
False
Is 732 a multiple of 18?
False
Does 3 divide 2009?
False
Is 2464 a multiple of 22?
True
Is 16 a factor of 432?
True
Is 52 a factor of 9596?
False
Is 13 a factor of 1469?
True
Does 12 divide 276?
True
Does 130 divide 8496?
False
Is 17 a factor of 51890?
False
Is 25 a factor of 103?
False
Is 200 a factor of 38625?
False
Is 26841 a multiple of 116?
False
Is 43 a factor of 86?
True
Does 25 divide 3500?
True
Is 2293 a multiple of 72?
False
Is 1650 a multiple of 45?
False
Is 34 a factor of 93156?
False
Is 7 a factor of 322?
True
Is 166 a factor of 5976?
True
Is 3890 a multiple of 67?
False
Is 24 a factor of 17304?
True
Is 112 a factor of 3584?
True
Is 28 a factor of 1008?
True
Is 70 a factor of 2841?
False
Is 7473 a multiple of 72?
False
Is 27848 a multiple of 59?
True
Does 111 divide 6771?
True
Is 10452 a multiple of 70?
False
Is 5977 a multiple of 139?
True
Is 17429 a multiple of 10?
False
Is 5 a factor of 3449?
False
Is 35 a factor of 17640?
True
Does 3 divide 2431?
False
Does 8 divide 6768?
True
Is 717 a multiple of 3?
True
Does 40 divide 880?
True
Does 13 divide 87158?
False
Is 85 a factor of 9764?
False
Does 11 divide 411?
False
Is 155 a factor of 5270?
True
Is 2661 a multiple of 2?
False
Is 9 a factor of 801?
True
Does 28 divide 644?
True
Is 115 a multiple of 58?
False
Is 18 a factor of 7637?
False
Is 111 a factor of 8871?
False
Is 18 a factor of 14477?
False
Is 6896 a multiple of 16?
True
Is 259 a factor of 44289?
True
Is 37 a factor of 637?
False
Does 14 divide 8540?
True
Is 109 a factor of 872?
True
Does 61 divide 272?
False
Is 11950 a multiple of 25?
True
Does 48 divide 768?
True
Does 8 divide 1384?
True
Does 22 divide 25261?
False
Does 16 divide 3280?
True
Does 99 divide 99?
True
Does 19 divide 902?
False
Is 104 a factor of 1456?
True
Is 11777 a multiple of 7?
False
Is 70 a factor of 6717?
False
Is 4 a factor of 150?
False
Is 6 a factor of 671?
False
Does 64 divide 11008?
True
Is 16 a factor of 1087?
False
Is 2027 a multiple of 46?
False
Does 3 divide 5139?
True
Is 143 a multiple of 11?
True
Is 307 a multiple of 11?
False
Does 33 divide 297?
True
Does 10 divide 1633?
False
Does 27 divide 178?
False
Is 93 a factor of 3813?
True
Does 356 divide 61972?
False
Does 85 divide 88096?
False
Is 10 a factor of 112840?
True
Is 3423 a multiple of 163?
True
Is 143 a multiple of 11?
True
Does 31 divide 6820?
True
Is 39624 a multiple of 179?
False
Is 1112 a multiple of 11?
False
Does 29 divide 5141?
False
Is 29 a factor of 1774?
False
Is 35 a factor of 1599?
False
Does 104 divide 16409?
False
Does 10 divide 37551?
False
Is 48 a factor of 95808?
True
Does 38 divide 532?
True
Is 27 a factor of 3246?
False
Is 22 a factor of 616?
True
Is 21761 a multiple of 47?
True
Does 29 divide 14965?
False
Is 5 a factor of 195?
True
Does 17 divide 18615?
True
Does 102 divide 4488?
True
Does 15 divide 1935?
True
Does 64 divide 1414?
False
Is 96 a multiple of 3?
True
Does 16 divide 4768?
True
Is 19 a factor of 798?
True
Does 18 divide 1555?
False
Does 19 divide 1919?
True
Does 3 divide 683?
False
Does 16 divide 46127?
False
Is 11 a factor of 519?
False
Is 2573 a multiple of 78?
False
Is 3141 a multiple of 30?
False
Is 92 a factor of 11316?
True
Does 7 divide 1044?
False
Is 23 a factor of 200?
False
Is 178 a factor of 101515?
False
Is 80 a factor of 3238?
False
Does 333 divide 87912?
True
Does 70 divide 5370?
False
Is 31 a factor of 2205?
False
Is 497 a multiple of 27?
False
Is 28 a factor of 20692?
True
Is 10296 a multiple of 143?
True
Is 46 a multiple of 46?
True
Is 942 a multiple of 15?
False
Is 654 a multiple of 9?
False
Does 220 divide 38060?
True
Is 10595 a multiple of 51?
False
Is 16 a factor of 4464?
True
Does 20 divide 20?
True
Does 6 divide 1132?
False
Is 454 a multiple of 7?
False
Is 12 a factor of 12?
True
Is 13 a 